= -6*s, -3*s = 5*h + 640. Let n = -69 - h. What is the remainder when n is divided by 15?
11
Suppose 9*v - 11 = 8*v - 5*w, 2*w - 2 = 2*v. Calculate the remainder when 133 is divided by v - -13 - (77 - 80).
14
Let t(u) = 5*u**3. Let m = 129 + -137. What is the remainder when t(1) is divided by (-39)/(-9) - m/12?
0
Suppose 4*o = 5*o + 3*v - 14, 2*v = 5*o - 19. Suppose -o*p + 87 + 108 = 5*w, 109 = 3*w + 5*p. Calculate the remainder when w is divided by 9.
7
Let l = 12 + -10. Suppose 6 = 4*z + l*a, -3*z + 0*a = 3*a - 12. Let i = 4 - z. What is the remainder when 18 is divided by i?
3
Let p(m) = -308*m - 6425. Calculate the remainder when 577 is divided by p(-21).
18
Let o(y) = -y**2 - 38*y + 193. Calculate the remainder when o(-40) is divided by 28.
1
Suppose 12*z - 2 - 298 = 0. Suppose -z*q = -33*q + 400. What is the remainder when q is divided by 28?
22
Let k = 53 + -37. Suppose -2*v = 4*x - 54, 5*v - 5*x = -6*x + 135. Calculate the remainder when v is divided by k.
11
Suppose -129 = -6*r + 5*r + 3*z, 0 = -4*z - 24. Calculate the remainder when 550 is divided by r.
106
Let c(o) = o**3 - 2*o**2 + 14*o - 42. Suppose 0 = -z - g, 5*g + 12 = -5*z + 3*z. What is the remainder when (-50)/z*(-16)/8 is divided by c(3)?
7
Suppose -9*h + 1435 = -4*h. Suppose -2*a + 125 + h = 0. Calculate the remainder when a is divided by 19.
16
Let y be 2/10 + (-2 - 387/(-15)). Suppose -4*k = -z + y, 15 - 3 = -3*z. Let h(c) = c + 10. Calculate the remainder when 5 is divided by h(k).
2
Let n = -4602 + 4699. Calculate the remainder when 245 is divided by n.
51
What is the remainder when (1/25)/(140/(-700)) - (-9702)/10 is divided by 18?
16
Suppose 3*n = -83 - 91. Let l = -37 - n. Suppose 0 = 53*g + 119 - 543. Calculate the remainder when l is divided by g.
5
Let j = 1593 + -1580. What is the remainder when 118 is divided by j?
1
Suppose -14*c + 6047 + 3245 + 3210 = 0. What is the remainder when c is divided by 125?
18
Suppose 20 = 5*d, -2*r - 170 = d + 4*d. Let t = r + 97. Suppose -t*w = 2*k + w + 6, -5 = k + 2*w. Calculate the remainder when k is divided by 2.
1
Let m(u) = 7*u**2 - 5*u - 10. Let i be m(-2). Suppose 35*p = i*p + 91. Let c(h) = 2*h**2 - 7*h. Calculate the remainder when c(6) is divided by p.
4
Let v(t) = 7*t**3 + t**2 + t - 1. Suppose 4*d - 5 = 15, 2*d = 5*y + 5. Let f be v(y). Let p = 51 - f. Calculate the remainder when p is divided by 22.
21
Suppose 86215 = 5*o + 4*s + 17142, 0 = 5*o + 2*s - 69069. Suppose 3231 - o = -37*c. What is the remainder when c is divided by 17?
14
Let d(n) be the second derivative of n**4/6 - 5*n**3/2 - 3*n**2/2 + 33*n. Let o(i) = 2*i**2 + 2*i + 1. What is the remainder when d(9) is divided by o(2)?
11
Suppose -13*x - 5*i + 318 = -9*x, x + i - 79 = 0. Suppose 3*z = -26 + x. Let p(o) = 6*o. What is the remainder when p(5) is divided by z?
13
Let g = 17801 - 17766. Calculate the remainder when 76 is divided by g.
6
Suppose 8*t = 3*t + 35. Let v = -20 - -22. Suppose 2*u - v*y - 16 = 0, 0*u = 5*u - 4*y - 37. Calculate the remainder when t is divided by u.
2
Calculate the remainder when 1346481/1722 - (-2)/28 is divided by 14.
12
Suppose -5*w + 5*s = -100, 0 = 5*w - s - 2*s - 108. Let h(d) = 14*d + 256. What is the remainder when w is divided by h(-17)?
6
Suppose -3*m - 4*q + 68 = 0, 4*q - 31 = -m + q. Let n = -24 - -42. Calculate the remainder when 20/m - ((-1869)/12 - 3) is divided by n.
16
Let q(z) = -7*z + 15. Let s(x) = x**3 - 6*x**2 - x + 8. Let g be s(6). Suppose g*o = 5*o, b + 20 = o. Calculate the remainder when q(b) is divided by 39.
38
Let y = 272 - 199. Suppose -y = -8*k + 39. What is the remainder when 21 is divided by k?
7
Suppose -4*l = -4*o - 4, -4*l + 0*o + 5 = -3*o. Let y = 10 - l. Let b(m) = 60*m - 356. Calculate the remainder when y is divided by b(6).
0
Suppose 0 = 4*u - 0*u + 4*p - 1424, -3*u + 2*p + 1048 = 0. Suppose 0 = -12*q + 584 + u. What is the remainder when q is divided by 9?
6
Suppose 3*l - 6096 = -3*t, 2*t - 1574 = -1584. Calculate the remainder when l is divided by 169.
9
Suppose 2*h = -9*z + 5*z + 1482, -2*z + 3697 = 5*h. Calculate the remainder when h is divided by 81.
10
Let q = -23 - -19. Let k = -1771 - -1789. Calculate the remainder when ((-42)/(-63))/(q/(-750)) is divided by k.
17
Let t(i) = -2 - 3*i**3 + 4 - i**3 + i. Let o be (1/2)/(-3*8/48). Calculate the remainder when 13 is divided by t(o).
3
Let o be 20 - (4 - (-4 + 2)). Suppose -o*c + 321 = 69. What is the remainder when 89 is divided by c?
17
What is the remainder when (-6)/((16/(-1032))/((-2)/(-6))) is divided by 59?
11
Suppose 49*z + 2*q = 46*z + 598, 4*q = -16. Calculate the remainder when z is divided by 48.
10
Suppose 19*l - 21 = 22*l - 3*o, 3*o = -o + 68. Let m = -31 - -67. What is the remainder when m is divided by l?
6
Let t = -13 - -15. Let y be 6/4*((-48)/(-9) - t). Suppose 102 = 3*g - 3*n, 0 = y*g + 6*n - n - 130. Calculate the remainder when g is divided by 16.
14
Suppose 236*n + 236*n - 88242 = 451*n. What is the remainder when n is divided by 11?
0
Let z(a) = -a**2 + 8*a + 6. Let y be z(0). Let h(d) = -d**3 + 6*d**2 + 4*d - 2. What is the remainder when 54 is divided by h(y)?
10
Suppose -4*z + 2*q + 153 = -163, 12 = -3*q. Let x = -1 + 22. Calculate the remainder when z is divided by x.
14
Suppose 4*d = -l + 1202 + 843, 3*l - 2*d = 6205. Calculate the remainder when l is divided by 94.
91
Let j(b) = -b**3 - 3*b**2 - 9*b + 4. Let v be j(-8). Suppose -4*a - 2*y = -40, -a - 3*y + 17 = y. Calculate the remainder when 4/(-3)*v/(-16) is divided by a.
6
Let i(x) = 2*x**2 - 2*x. Let w be i(-5). Suppose 2*d - w = -2*k, -5*d + 0*k = -5*k - 190. Let s = 70 - d. Calculate the remainder when 107 is divided by s.
35
Suppose -47*j - 193*j + 442800 = 0. What is the remainder when j is divided by 231?
228
Let r(l) = l**3 + 12*l**2 + 22*l + 38. Suppose 9*q - 11*q = 3*x + 11, -4*x = -2*q - 32. Calculate the remainder when 338 is divided by r(q).
14
Let d be (0 + 0)/((-20)/(-10)). Let g(t) = -t**3 + 2*t**2 + t + 12. Calculate the remainder when 23 + (-2 - -2*(-4)/(-8)) is divided by g(d).
10
Suppose -190 = 4*k - 3*g - 0*g, 10 = 5*g. Let j = k - -210. What is the remainder when j is divided by 57?
50
Let k be 1 + 12 - (3 + -1). Calculate the remainder when ((-268)/(-6))/(k/66) is divided by 45.
43
Suppose 4*b = -5*r - 425, 3*b + 44 = 5*r - 301. Let x = 124 + b. Calculate the remainder when 106 is divided by x.
8
Suppose 3127 = 5*t + 10*r - 6*r, 2*r + 1240 = 2*t. What is the remainder when t is divided by 39?
38
Suppose -6 = 4*u - 7*u. Suppose a + u*g - 17 = 0, g = -a - 4*g + 20. Suppose -23*p + 143 = 51. Calculate the remainder when a is divided by p.
3
Let z be (-107)/((-4)/(-32)*-4). Let f = z + 29. What is the remainder when f is divided by 62?
57
Let b = -30999 - -31011. Let i be (4*-8 + -1)/(-1). Let j = i - -1. Calculate the remainder when j is divided by b.
10
Let t = 4318 - 4200. Suppose 0 = -3*z - z + 3*v, -10 = -2*z - v. Calculate the remainder when t is divided by z.
1
Let l = -89 - -86. Suppose -2*c + 15 = -c. What is the remainder when (-5 + (-12)/l)*(-43 + -1) is divided by c?
14
Let t(o) = 6*o**2 + 3*o + 1. Let u = 3542 - 3509. Calculate the remainder when u is divided by t(-2).
14
Suppose -3 = 3*z - 18. Suppose -q + z*q - 46 = 3*w, -4*q + 50 = -w. Suppose 15*h = 331 + 209. What is the remainder when h is divided by q?
10
Let s = 14 + -11. Suppose -s*u + 16*u + 1989 = 0. Let y = 245 + u. Calculate the remainder when y is divided by 24.
20
Suppose a + 116 - 35 = 2*n, 166 = 4*n + 2*a. Suppose -w = -n*w + 2640. What is the remainder when w is divided by 19?
9
Let y(z) = 36*z + 1. Let s be y(-2). Let i = -68 - s. Suppose i*t - 3*g + 4 = 4*t, 2*g - 36 = -4*t. What is the remainder when 25 is divided by t?
5
Suppose 2*y = 13 + 5. Suppose -10*r = -y*r - 9. Suppose -13*v + 20 + 19 = 0. Calculate the remainder when r is divided by v.
0
Suppose -3*s + 5*y + 57 + 369 = 0, 5*s - 4*y = 736. What is the remainder when 163 is divided by s?
11
Let h(o) = -o + 16. Let r be h(6). Calculate the remainder when (-1095)/r*(5/(-5) - 1) is divided by 22.
21
Let q(v) = 2*v**2 + 32*v - 522. Calculate the remainder when 701 is divided by q(12).
101
Let i(r) = 2*r**2 + 690*r + 2059. Suppose j + 2*u = -2*u + 20, 0 = -2*j - 4*u + 32. Calculate the remain